*p - 3*y, -2*y + c = -0. List the prime factors of p.
23
Suppose 5*a + 1 = 11, 2*t = a + 600. What are the prime factors of t?
7, 43
Let p = 5 - 5. Suppose p*t + 2*t - i = 255, 3*i - 643 = -5*t. List the prime factors of t.
2
Suppose -3*w - y = 15, -w + 8 = 3*y + 21. Let a be 251/w - (-10)/(-40). Let v = a + 100. List the prime factors of v.
37
Let u(z) be the first derivative of z**5/120 + 9*z**4/8 + 2*z**3 + 4. Let g(q) be the third derivative of u(q). List the prime factors of g(0).
3
Suppose -2*h + m + 132 = h, 150 = 3*h + 5*m. Let l be h + (-1 - (3 - 1)). List the prime factors of l/9 - 1/(-3).
5
Let q(v) = -v**3 + 31*v**2 - 44*v + 21. List the prime factors of q(17).
3319
Let g be (12/9)/(-2)*-36. Suppose 0*u - 4*p = -4*u + g, 2*u + p = 0. Suppose u*w - l - 14 = 0, 0 = w + 2*w + 4*l + 1. What are the prime factors of w?
5
Let a(o) be the second derivative of o**3/6 + 5*o**2/2 + 2*o. What are the prime factors of a(2)?
7
Suppose -4*n + 5*t - 16 = 0, 4*t + 20 = -5*n - 0. List the prime factors of (n*2/4 - -245)/1.
3
Suppose -4*a + w + 18 = 0, 3*a = 3*w + 13 + 5. Suppose a*o = -5*z - 291, -z = -5*z + 3*o - 239. List the prime factors of (-1 + z/7)*-7.
2, 3, 11
Let r = -2081 + 3445. List the prime factors of r.
2, 11, 31
Let l(b) = -b**3 + b**2 - 2*b + 10. Let a be l(0). Suppose -a*o + 340 = -420. List the prime factors of o.
2, 19
Suppose -k + 12766 = 25*k. List the prime factors of k.
491
Let k(q) be the second derivative of -q**3 + 10*q**2 + 2*q. List the prime factors of k(-11).
2, 43
Let p(u) = -15 - 12 + 12*u - 9*u**2 + 20 + u**3. List the prime factors of p(8).
5
Let t(z) = -3*z - 16. Let o = 26 + -32. Let b be t(o). Suppose -3*u + 3*l = -54, -b*u = 3*u - 4*l - 90. What are the prime factors of u?
2, 3
Let x(g) = g**2 + 13*g + 8. Let i be x(-12). What are the prime factors of i - 268/4*-1?
3, 7
Let a be 1*(0/2 - -3). Suppose -3*t = -2*l + l + 4, l = -t + 4. Suppose -l*x = a - 19. List the prime factors of x.
2
Let t(o) be the first derivative of o**4/4 + 16*o**3/3 - 2*o**2 + 19*o + 3. What are the prime factors of t(-16)?
83
Suppose -8*k + 3175 + 273 = 0. Suppose o + k = 3*i, 0 = 4*o + 1 - 5. What are the prime factors of i?
2, 3
What are the prime factors of 246/287*1946/6?
2, 139
Let u = -28 + 30. List the prime factors of -2 + u - (3/(-1))/1.
3
Suppose 4*b - 4*g = 2260, g - 272 = -b + 303. Suppose 5*v - 285 = b. Suppose -4*l + 134 = n, -7*l - 3*n + v = -2*l. What are the prime factors of l?
3, 11
Suppose -4*r = -2*r - 4. Suppose 6*g = r*g + 764. List the prime factors of g.
191
Suppose -i + 4 = 10. What are the prime factors of 5 + i/3 + 108?
3, 37
Suppose -b + 5 = 13. Let f = 23 - 9. Let p = f - b. What are the prime factors of p?
2, 11
Let h(y) = y**2 - 11*y + 2. Suppose 3*o + 26 = -4*t + 2, 2*t = -6. What are the prime factors of h(o)?
2, 31
Suppose 4*j = -2*o + 4*o - 684, -4*j - 696 = -5*o. Let l = 243 + j. List the prime factors of l.
2, 37
Suppose 4*i - 2*f - 1422 = 0, -288 - 67 = -i + f. Suppose 4*b - 52 - i = 0. List the prime factors of b.
2, 3, 17
Let o = 183 - 50. Suppose o = 5*s + 3*x, s - 4*x + 7*x - 17 = 0. Suppose 209 = 5*u + y + 31, -2*y = -u + s. List the prime factors of u.
5, 7
Let x be 1986/54 + (-4)/(-18). Suppose 2*a = 3*a - x. Suppose 4*m = 4*o - m - a, -4*m + 25 = o. List the prime factors of o.
13
Suppose 7796 = 11*y - 25754. What are the prime factors of y?
2, 5, 61
List the prime factors of ((-1)/8*-6)/(8/1728).
2, 3
Suppose -j + 0*y = -5*y - 267, 5*j + 4*y = 1480. List the prime factors of j.
2, 73
Suppose -4*o + 1768 = 2*b, -2*b = -5*o + 1456 + 763. What are the prime factors of o?
443
Let d = -88 + 129. Let a = 81 - d. Suppose 5*r - a - 80 = 0. What are the prime factors of r?
2, 3
Suppose 24*k - 7560 = -12*k. What are the prime factors of k?
2, 3, 5, 7
Let p(t) = t**2 + 16*t + 13. List the prime factors of p(-36).
733
Suppose -2*v = -2*l + 8 + 20, -2*v - 4*l = 40. Let r = v + 31. Suppose -k + 0 = -r. What are the prime factors of k?
3, 5
Let z(x) = 5*x**2 + x + 2. Let j be z(-3). What are the prime factors of 2240/22 + 8/j?
2, 3, 17
Suppose 0*f - 2 = 2*f. Let w be (-11)/4 - f/(-4). Let i(l) = -l**3 - 2*l**2 - l - 3. List the prime factors of i(w).
3
Let d(k) be the second derivative of k**4/12 - 2*k**3/3 + 3*k**2/2 + 4*k. Let v be d(13). Suppose -2*y + v = 3*y. What are the prime factors of y?
2, 3
Let f(k) = -218*k**3 + 2*k**2 - 2*k - 3. List the prime factors of f(-1).
3, 73
Suppose 11*d - 9305 = 826. List the prime factors of d.
3, 307
Suppose 19*q + 22*q = 103279. What are the prime factors of q?
11, 229
Suppose -l - 10 = -3*l. Suppose -41 = -l*u + 34. What are the prime factors of u?
3, 5
Suppose -13711 = -3*v + 5*c, 8*v - c = 9*v - 4557. List the prime factors of v.
2, 2281
Suppose -5*i + 6*i - l = 2, -l = 3*i - 14. Suppose -5*w - 3*f = -690, -4*w + 0*f + i*f + 520 = 0. What are the prime factors of w?
3, 5
Suppose 1582 + 1652 = 11*r. Suppose -13*i = -122 - r. What are the prime factors of i?
2
Let z be (-8)/(-4 - -2)*17. Let t = z - 99. Let u = t + 53. What are the prime factors of u?
2, 11
Suppose 73 + 354 = 7*z. Let f = z - 59. List the prime factors of f.
2
Suppose 1005*f - 1028*f = -51658. List the prime factors of f.
2, 1123
Let f(x) = -265*x - 49. What are the prime factors of f(-5)?
2, 11, 29
Let o(i) = -8*i + 1. Suppose 2*m + 4*m = -6. List the prime factors of o(m).
3
What are the prime factors of ((-2967)/9)/((-2)/18)?
3, 23, 43
Let u be 9/15 + (-8)/(-20). Suppose 0 = -3*l + 5*l - 2. What are the prime factors of u/l*(-1 + 5)?
2
Suppose 0 = 2225*g - 2233*g + 23064. List the prime factors of g.
3, 31
Let k(v) = -4*v**2 + 3*v**2 + 30 + 21. What are the prime factors of k(0)?
3, 17
Let r = 1361 - -577. List the prime factors of r.
2, 3, 17, 19
Let b = 753 + -308. What are the prime factors of b?
5, 89
Let f(h) = -h**2 + 31*h + 54. Suppose -4*j = -3*j - 2*t - 12, j = -2*t + 24. List the prime factors of f(j).
2, 3
Suppose 303 = 3*p + 3*a, -p - a = 4*a - 105. Suppose -8 + p = 2*f. Suppose t - f = -t. What are the prime factors of t?
23
Let v = 91 + 15. Suppose 4*w - 34 = v. Suppose -w + 158 = 3*z. List the prime factors of z.
41
Suppose 99*g + 2924 = 103*g. What are the prime factors of g?
17, 43
Suppose -k - 31 = 3*t + 43, 275 = -4*k - 5*t. Let c = k + 116. List the prime factors of c.
3, 17
Suppose 5*v + 6*y = 4*y + 3891, y = 2*v - 1560. What are the prime factors of v?
19, 41
Let i = -60 - -64. Suppose -3*f = 2*z - 87, 4*z + 3*f - 141 = 8*f. Suppose 3*n = i*n - z. List the prime factors of n.
3, 13
Let j(q) = 7*q + 1. Let x be j(-1). Let c be (12/9)/((-4)/x). Suppose -a + 6 = 2*a, c*o + a - 20 = 0. List the prime factors of o.
3
Suppose 26*y + 42*y - 130968 = 0. List the prime factors of y.
2, 3, 107
Let d be ((-6)/8)/(6/(-24)). Suppose 89 = 2*t - 2*y + y, -y + 141 = d*t. Suppose -4*o = -6*c + 2*c - 56, -2*o - 4*c = -t. List the prime factors of o.
17
Suppose -2*r - 4*h - 20 = 0, -h + 32 = -3*r - 5*h. List the prime factors of (-2450)/(-60) - 2/r.
41
Let c(x) = x**3 + 5*x**2 + 8*x + 2. Let y be c(-3). Suppose -4*k = -2*k + 8. What are the prime factors of 18 + k/(3 + y)?
2, 11
Suppose -4*y - 2505 = -l, -5*l - y + 868 = -11573. What are the prime factors of l?
19, 131
Suppose -3*y + 21 = 4*h, y = 2*y - 2*h + 3. Suppose 40 = 7*j - y*j. Let t(i) = -i + 21. List the prime factors of t(j).
11
Let y = 1 - 1. Suppose 2*z - 17 = 3*b, -4*b - 28 = -3*z + b. List the prime factors of -10*(z - 2 - y).
2, 5
Let r(c) = -c**3 + 11*c**2 + 10*c + 8. Let b be r(10). Suppose 59 = -g - 82. Let k = g + b. List the prime factors of k.
67
Let s be ((-8)/(-5))/((-6)/(-15)). Suppose -s*z - 162 = -6*z. Suppose -5*h + 3*d + z = -45, -2*h + 5*d = -58. What are the prime factors of h?
2, 3
Let x = -1 - -3. Let l be (-76)/12 + x/(-3). Let t = l - -11. What are the prime factors of t?
2
Suppose 2*o = -2*k + 8, 4*o + 0*o + 2 = 5*k. Suppose 2*t = 3*t + 3*q - 55, q + 131 = o*t. List the prime factors of t.
2
Let j = 4742 + -681. List the prime factors of j.
31, 131
Suppose 3*c + 4*c = 12726. What are the prime factors of c?
2, 3, 101
Let r(a) = -a**2 - 9*a + 2. Let c be r(-9). Let w be 7/c - 12/24. Suppose -w*q = 3*v - 123, -4*v + 4*q + 142 = -22. What are the prime factors of v?
41
Let c(l) = l**2 - l + 4. Let t b